est common divisor of 169 and 3287986?
13
Calculate the highest common factor of 1650 and 45616362.
66
Calculate the greatest common divisor of 1073380 and 15640.
340
What is the highest common divisor of 30375828 and 17136?
252
Calculate the greatest common factor of 1263120 and 96900.
1140
Calculate the highest common divisor of 1296 and 480497832.
648
What is the greatest common factor of 76 and 784612?
4
What is the greatest common factor of 671454 and 495?
9
What is the highest common factor of 1144 and 14816?
8
Calculate the greatest common factor of 2665333 and 473.
11
Calculate the greatest common factor of 63281472 and 96.
96
What is the greatest common factor of 8652 and 205955916?
1236
What is the greatest common divisor of 5754090 and 3150?
30
Calculate the greatest common factor of 101250 and 8071002.
162
What is the greatest common divisor of 2709381 and 1425?
57
What is the greatest common factor of 8750 and 606410?
70
Calculate the greatest common factor of 2883207 and 57.
3
Calculate the highest common factor of 174997309 and 74.
37
Calculate the highest common factor of 13248 and 9702918.
414
What is the greatest common factor of 896 and 65755032?
56
Calculate the highest common divisor of 12716 and 8783764.
748
What is the highest common factor of 357033 and 12527371?
1951
What is the greatest common divisor of 55786551 and 309?
309
What is the highest common factor of 7797400 and 100?
100
What is the greatest common factor of 417 and 33429639?
417
What is the greatest common factor of 1831203 and 4536?
9
Calculate the greatest common factor of 1392 and 39158352.
1392
What is the highest common factor of 21922567 and 5489?
499
Calculate the greatest common factor of 400 and 784184.
8
Calculate the greatest common divisor of 47585 and 6837197.
307
Calculate the highest common factor of 5006321 and 23553.
2617
What is the greatest common divisor of 1828 and 344893330?
914
Calculate the highest common factor of 381186728 and 4784.
2392
What is the greatest common factor of 1484 and 9502423?
371
Calculate the greatest common divisor of 8649498 and 99.
33
What is the highest common divisor of 67667 and 3879?
431
What is the highest common factor of 63 and 466101?
9
What is the greatest common divisor of 15618 and 1696608?
822
Calculate the highest common factor of 18 and 1086531750.
18
What is the highest common factor of 1960 and 20887720?
1960
What is the greatest common divisor of 93 and 16961402?
31
What is the highest common divisor of 26 and 62921846?
26
What is the greatest common factor of 2884 and 512204?
28
Calculate the greatest common factor of 4240438 and 86.
2
Calculate the greatest common divisor of 90942 and 1464732.
138
Calculate the greatest common factor of 253259 and 2980586.
1009
Calculate the highest common divisor of 1300178 and 904.
226
What is the greatest common divisor of 1511028 and 173196?
612
Calculate the highest common factor of 158968 and 364729.
641
Calculate the highest common divisor of 527811568 and 16.
16
What is the highest common divisor of 6559 and 10476597?
937
Calculate the greatest common divisor of 12293916 and 14504.
148
What is the greatest common divisor of 2943392926 and 1174?
1174
What is the highest common factor of 6186 and 3808514?
2062
Calculate the highest common factor of 235556087 and 39.
13
Calculate the greatest common factor of 336238 and 2303000.
4606
Calculate the highest common divisor of 7228 and 7325578.
3614
What is the greatest common factor of 111200 and 788800?
800
What is the highest common divisor of 6513 and 643925113?
2171
Calculate the highest common factor of 423936 and 285120.
576
What is the highest common divisor of 6625 and 498375?
125
Calculate the greatest common factor of 5872194 and 300240.
2502
What is the highest common factor of 82948 and 15842?
178
Calculate the greatest common factor of 38480 and 21970.
130
Calculate the highest common divisor of 200350 and 51650.
50
Calculate the highest common factor of 578278732 and 153.
17
What is the highest common factor of 2064 and 3919280?
16
What is the highest common factor of 5170 and 90939266?
1034
What is the greatest common divisor of 14011416 and 296?
8
Calculate the greatest common divisor of 19765 and 11131648.
3953
What is the highest common factor of 42858550 and 24850?
350
What is the highest common divisor of 57145465 and 15?
5
Calculate the highest common factor of 780203 and 93661.
229
Calculate the highest common factor of 172875329 and 33.
11
Calculate the highest common divisor of 787666 and 1782.
22
What is the highest common divisor of 1327757725 and 3794?
1897
Calculate the greatest common factor of 160 and 283556384.
32
What is the greatest common factor of 5416088 and 16?
8
What is the highest common divisor of 1448 and 3393931?
181
What is the greatest common divisor of 141795326 and 421?
421
What is the highest common divisor of 58522 and 150162?
58
Calculate the greatest common divisor of 28684742 and 158.
158
What is the highest common factor of 358 and 109804?
2
Calculate the greatest common divisor of 5688621 and 92592.
5787
What is the highest common factor of 84320339 and 839?
839
What is the highest common factor of 95546072 and 656?
328
Calculate the highest common divisor of 4496713 and 57109.
2483
Calculate the highest common factor of 919440 and 102420.
180
Calculate the highest common factor of 1440 and 391095.
45
What is the greatest common divisor of 650771 and 73901?
67
Calculate the greatest common divisor of 9873882 and 304.
38
Calculate the greatest common divisor of 2018780 and 108784.
2092
What is the highest common divisor of 357 and 56440867?
119
What is the highest common divisor of 670166 and 896?
14
Calculate the greatest common divisor of 26112 and 181662.
102
Calculate the highest common divisor of 441797440 and 5080.
5080
What is the greatest common factor of 5813 and 754161181?
5813
What is the highest common divisor of 110 and 7604340?
10
Calculate the greatest common divisor of 903448 and 23296.
728
What is the highest common divisor of 168 and 3065160?
168
What is the highest common divisor of 14739 and 89949227?
289
Calculate the highest common divisor of 13247076 and 12.
12
What is the greatest common divisor of 31636199 and 175?
7
What is the greatest common divisor of 177 and 416440113?
177
Calculate the highest common divisor of 453 and 6567141.
453
What is the highest common divisor of 10031059 and 346?
173
Calculate the highest common divisor of 595098 and 8050.
14
What is the greatest common divisor of 853 and 32274?
1
What is the greatest common factor of 168214344 and 24?
24
What is the highest common divisor of 46 and 6860509?
23
Calculate the greatest common factor of 3184468 and 44.
4
Calculate the greatest common divisor of 8750 and 29074375.
625
What is the highest common factor of 6749120 and 2751?
917
What is the greatest common factor of 64129745 and 5?
5
Calculate the greatest common divisor of 24067 and 345589.
41
What is the greatest common factor of 42862 and 152449788?
1478
What is the greatest common divisor of 382 and 48063622?
382
Calculate the highest common divisor of 241524 and 1179.
9
What is the highest common factor of 403988 and 5552?
4
What is the greatest common factor of 91 and 112307377?
91
Calculate the greatest common factor of 41179608 and 104.
8
Calculate the greatest common divisor of 1178 and 9940553.
589
Calculate the highest common factor of 5016 and 119792739.
627
What is the greatest common divisor of 172 and 260448?
4
Calculate the highest common divisor of 319023 and 3456.
9
What is the greatest common divisor of 4035 and 46493691?
807
Calculate the greatest common divisor of 2837575 and 12350.
325
What is the highest common divisor of 1258 and 18257983?
629
What is the highest common factor of 231 and 24166317?
21
Calculate the greatest common factor of 52899 and 25.
1
What is the greatest common divisor of 20088 and 27153144?
648
What is the greatest common factor of 5868 and 71784?
36
Calculate the greatest common factor of 265770362 and 21918.
7306
What is the greatest common factor of 157048 and 9083?
293
What is the greatest common divisor of 463925 and 4573457?
1687
Calculate the greate